 12 a factor of 2748?
True
Is 8 a factor of 25304?
True
Does 8 divide 424?
True
Does 12 divide 1260?
True
Is 26 a factor of 806?
True
Is 448 a multiple of 16?
True
Is 28809 a multiple of 9?
True
Is 13 a factor of 27469?
True
Is 5864 a multiple of 174?
False
Is 15822 a multiple of 5?
False
Is 3224 a multiple of 17?
False
Does 55 divide 6600?
True
Is 16 a factor of 92?
False
Is 5 a factor of 2180?
True
Is 1947 a multiple of 33?
True
Is 214 a factor of 9092?
False
Is 623 a multiple of 25?
False
Does 13 divide 76?
False
Does 41 divide 3918?
False
Is 8225 a multiple of 25?
True
Is 2138 a multiple of 56?
False
Does 11 divide 1023?
True
Is 11 a factor of 477?
False
Is 594 a multiple of 54?
True
Is 116 a factor of 31204?
True
Is 14 a factor of 15862?
True
Is 8 a factor of 1380?
False
Is 12 a factor of 78168?
True
Is 8568 a multiple of 4?
True
Does 9 divide 14031?
True
Is 2724 a multiple of 2?
True
Is 16 a factor of 176?
True
Is 17 a factor of 36422?
False
Is 873 a multiple of 19?
False
Does 7 divide 68?
False
Is 16 a factor of 2528?
True
Does 43 divide 4945?
True
Does 22 divide 8956?
False
Is 374 a factor of 20627?
False
Is 364 a multiple of 14?
True
Is 61 a factor of 5501?
False
Is 87 a factor of 424?
False
Does 15 divide 14955?
True
Is 224 a factor of 18592?
True
Is 28 a factor of 2688?
True
Is 13 a factor of 14335?
False
Is 279 a factor of 53847?
True
Does 124 divide 3224?
True
Is 124 a factor of 22731?
False
Is 864 a multiple of 54?
True
Is 16 a factor of 336?
True
Is 93 a multiple of 93?
True
Does 8 divide 752?
True
Does 66 divide 28644?
True
Does 68 divide 13349?
False
Does 21 divide 23604?
True
Is 70951 a multiple of 185?
False
Does 9 divide 3823?
False
Is 1852 a multiple of 131?
False
Does 54 divide 864?
True
Is 167 a factor of 28557?
True
Is 27 a factor of 351?
True
Is 14920 a multiple of 115?
False
Is 13027 a multiple of 7?
True
Does 12 divide 2545?
False
Is 9378 a multiple of 18?
True
Is 1824 a multiple of 38?
True
Is 616 a multiple of 44?
True
Is 52 a factor of 2397?
False
Is 2575 a multiple of 8?
False
Is 600 a multiple of 8?
True
Is 21 a factor of 342?
False
Is 336 a multiple of 42?
True
Is 9576 a multiple of 74?
False
Is 152 a factor of 304?
True
Is 3041 a multiple of 13?
False
Does 153 divide 10098?
True
Is 20433 a multiple of 39?
False
Does 107 divide 1230?
False
Is 1957 a multiple of 103?
True
Is 19628 a multiple of 7?
True
Is 276 a multiple of 3?
True
Is 68 a factor of 50728?
True
Does 9 divide 265?
False
Is 62 a factor of 191?
False
Is 24 a factor of 1401?
False
Does 56 divide 26288?
False
Does 7 divide 140?
True
Is 21 a factor of 1237?
False
Does 39 divide 2340?
True
Is 36 a factor of 1167?
False
Is 4446 a multiple of 39?
True
Is 126 a factor of 2373?
False
Is 161 a factor of 52164?
True
Does 175 divide 8718?
False
Is 22310 a multiple of 194?
True
Does 4 divide 53?
False
Is 12 a factor of 23388?
True
Is 63954 a multiple of 18?
True
Does 20 divide 11767?
False
Is 2023 a multiple of 17?
True
Does 14 divide 21523?
False
Does 2 divide 13?
False
Does 8 divide 54840?
True
Is 5 a factor of 770?
True
Is 11253 a multiple of 31?
True
Is 140 a factor of 6332?
False
Is 34 a factor of 2532?
False
Is 129 a factor of 5418?
True
Is 16 a factor of 802?
False
Is 9 a factor of 45?
True
Does 15 divide 570?
True
Is 204 a multiple of 2?
True
Does 123 divide 14637?
True
Is 4316 a multiple of 13?
True
Is 82 a multiple of 7?
False
Is 7 a factor of 12201?
True
Is 6671 a multiple of 19?
False
Is 7 a factor of 959?
True
Does 33 divide 914?
False
Is 21100 a multiple of 25?
True
Is 22638 a multiple of 22?
True
Is 3018 a multiple of 4?
False
Is 100 a factor of 18100?
True
Does 136 divide 8568?
True
Is 1820 a multiple of 21?
False
Does 35 divide 7419?
False
Is 43 a factor of 2150?
True
Is 35 a factor of 36548?
False
Is 222 a multiple of 2?
True
Does 22 divide 1100?
True
Is 3308 a multiple of 17?
False
Does 137 divide 2466?
True
Is 27204 a multiple of 188?
False
Is 21 a factor of 89241?
False
Is 13 a factor of 3445?
True
Does 11 divide 1459?
False
Is 7 a factor of 22624?
True
Is 90103 a multiple of 13?
True
Is 24 a factor of 91210?
False
Is 27 a factor of 660?
False
Is 1088 a multiple of 16?
True
Is 82 a factor of 2482?
False
Is 25 a multiple of 2?
False
Is 4648 a multiple of 5?
False
Is 3157 a multiple of 77?
True
Does 13 divide 789?
False
Is 35816 a multiple of 121?
True
Is 69 a factor of 774?
False
Is 638 a multiple of 32?
False
Does 13 divide 332?
False
Is 38 a factor of 1453?
False
Is 60 a multiple of 4?
True
Is 10387 a multiple of 47?
True
Does 41 divide 4059?
True
Does 45 divide 855?
True
Does 56 divide 64904?
True
Is 56 a factor of 476?
False
Is 20 a factor of 5480?
True
Does 8 divide 6176?
True
Is 27132 a multiple of 238?
True
Is 20 a factor of 1446?
False
Is 12 a factor of 14877?
False
Is 11500 a multiple of 100?
True
Does 34 divide 31824?
True
Does 13 divide 49890?
False
Does 139 divide 15234?
False
Is 36892 a multiple of 92?
True
Is 42289 a multiple of 14?
False
Is 4 a factor of 180?
True
Does 252 divide 40923?
False
Is 14363 a multiple of 53?
True
Is 1376 a multiple of 32?
True
Does 8 divide 2510?
False
Is 5 a factor of 32?
False
Is 82 a factor of 22222?
True
Is 546 a multiple of 104?
False
Does 12 divide 2864?
False
Is 22360 a multiple of 40?
True
Is 920 a multiple of 9?
False
Is 1055 a multiple of 51?
False
Is 9 a factor of 795?
False
Is 34 a factor of 761?
False
Is 13 a factor of 299?
True
Is 18570 a multiple of 30?
True
Is 3331 a multiple of 13?
False
Is 13 a factor of 884?
True
Is 1771 a multiple of 7?
True
Does 4 divide 847?
False
Does 4 divide 314?
False
Does 61 divide 6771?
True
Is 2 a factor of 990?
True
Is 144704 a multiple of 13?
False
Is 60 a factor of 5495?
False
Is 14540 a multiple of 20?
True
Is 37732 a multiple of 71?
False
Is 224 a multiple of 24?
False
Does 23 divide 598?
True
Does 15 divide 2720?
False
Does 14 divide 243?
False
Is 966 a multiple of 69?
True
Is 135 a multiple of 15?
True
Does 14 divide 3169?
False
Is 1319 a multiple of 12?
False
Is 4201 a multiple of 27?
False
Is 883 a multiple of 2?
False
Is 3838 a multiple of 15?
False
Is 340 a multiple of 17?
True
Is 95919 a multiple of 19?
False
Is 165 a multiple of 15?
True
Is 72 a multiple of 17?
False
Is 47 a multiple of 33?
False
Is 2496 a multiple of 110?
False
Is 22 a factor of 858?
True
Does 6 divide 2283?
False
Is 33 a factor of 30063?
True
Does 2 divide 218?
True
Is 684 a multiple of 18?
True
Is 7 a factor of 2730?
True
Does 15 divide 203?
False
Is 418 a multiple of 10?
False
Is 20 a factor of 8300?
True
Is 246 a multiple of 9?
False
Is 60 a factor of 3060?
True
Is 1270 a multiple of 12?
False
Is 4134 a multiple of 32?
False
Is 20 a factor of 12305?
False
Is 1400 a multiple of 14?
True
Does 20 divide 342?
False
Is 273 a multiple of 6?
False
Is 38 a factor of 2678?
False
Does 23 divide 701?
False
Does 24 divide 1776?
True
Is 1911 a multiple of 49?
True
Is 2209 a multiple of 73?
False
Is 1648 a multiple of 8?
True
Is 576 a multiple of 11?
False
Is 335 a factor of 120916?
False
Is 1880 a multiple of 14?
False
Is 81 a factor of 23880?
False
Does 35 divide 34860?
True
Is 12936 a multiple of 98?
True
Is 1357 a multiple of 87?
False
Does 41 divide 6971?
False
Is 10117 a multiple of 21?
False
Is 4 a factor of 644?
True
Is 9 a factor of 12482?
False
Is 3 a factor of 1876?
False
Is 1287 a multiple of 33?
True
Is 4224 a multiple of 11?
True
Is 420 a multiple of 4?
True
Is 2230 a multiple of 58?
False
Is 557 a multiple of 25?
False
Is 36 a factor of 478?
False
Is 49 a factor of 35472?
False
Is 23 a factor of 3160?
False
Does 54 divide 10476?
True
Does 19 divide 4125?
False
Is 304 a multiple of 16?
True
Is 6 a factor of 2210?
False
Does 29 divide 19500?
False
Is 1272 a multiple of 22?
False
Is 22 a factor of 48432?
False
Does 11 divide 14201?
True
Is 8092 a multiple of 5?
False
Is 6171 a multiple of 121?
True
Is 1964 a multiple of 38?
False
Is 452 a multiple of 113?
True
Does 18 divide 378?
True
Is 5278 a multiple of 182?
True
Is 26571 a multiple of 102?
False
Is 73 a factor of 1157?
False
Is 8 a factor of 10487?
False
Is 53788 a multiple of 14?
True
Is 9 a factor of 320?
False
Is 25 a factor of 9867?
False
Is 45 a factor of 41265?
True
Is 3 a factor of 3548?
False
Does 4 divid